{"version":"1.0","provider_name":"Campus Founders","provider_url":"https:\/\/campusfounders.de\/de\/","title":"Interview Lina Timm - Campus Founders","type":"rich","width":600,"height":338,"html":"<blockquote class=\"wp-embedded-content\" data-secret=\"D6Cj5vYvJ4\"><a href=\"https:\/\/campusfounders.de\/de\/community-de\/interview-lina-timm\/\">Interview Lina Timm<\/a><\/blockquote><iframe sandbox=\"allow-scripts\" security=\"restricted\" src=\"https:\/\/campusfounders.de\/de\/community-de\/interview-lina-timm\/embed\/#?secret=D6Cj5vYvJ4\" width=\"600\" height=\"338\" title=\"&#8222;Interview Lina Timm&#8220; &#8211; Campus Founders\" data-secret=\"D6Cj5vYvJ4\" frameborder=\"0\" marginwidth=\"0\" marginheight=\"0\" scrolling=\"no\" class=\"wp-embedded-content\"><\/iframe><script>\n\/*! This file is auto-generated *\/\n!function(d,l){\"use strict\";l.querySelector&&d.addEventListener&&\"undefined\"!=typeof URL&&(d.wp=d.wp||{},d.wp.receiveEmbedMessage||(d.wp.receiveEmbedMessage=function(e){var t=e.data;if((t||t.secret||t.message||t.value)&&!\/[^a-zA-Z0-9]\/.test(t.secret)){for(var s,r,n,a=l.querySelectorAll('iframe[data-secret=\"'+t.secret+'\"]'),o=l.querySelectorAll('blockquote[data-secret=\"'+t.secret+'\"]'),c=new RegExp(\"^https?:$\",\"i\"),i=0;i<o.length;i++)o[i].style.display=\"none\";for(i=0;i<a.length;i++)s=a[i],e.source===s.contentWindow&&(s.removeAttribute(\"style\"),\"height\"===t.message?(1e3<(r=parseInt(t.value,10))?r=1e3:~~r<200&&(r=200),s.height=r):\"link\"===t.message&&(r=new URL(s.getAttribute(\"src\")),n=new URL(t.value),c.test(n.protocol))&&n.host===r.host&&l.activeElement===s&&(d.top.location.href=t.value))}},d.addEventListener(\"message\",d.wp.receiveEmbedMessage,!1),l.addEventListener(\"DOMContentLoaded\",function(){for(var e,t,s=l.querySelectorAll(\"iframe.wp-embedded-content\"),r=0;r<s.length;r++)(t=(e=s[r]).getAttribute(\"data-secret\"))||(t=Math.random().toString(36).substring(2,12),e.src+=\"#?secret=\"+t,e.setAttribute(\"data-secret\",t)),e.contentWindow.postMessage({message:\"ready\",secret:t},\"*\")},!1)))}(window,document);\n\/\/# sourceURL=https:\/\/campusfounders.de\/wp-includes\/js\/wp-embed.min.js\n<\/script>\n","thumbnail_url":"https:\/\/campusfounders.de\/wp-content\/uploads\/2022\/03\/Lina-Timm-scaled.jpg","thumbnail_width":2560,"thumbnail_height":1706,"description":"Wie ist das letzte Jahr f\u00fcr die Medienbranche ausgefallen, welches Fazit kann gezogen werden? Ich kann nat\u00fcrlich nur f\u00fcr mein Spezialgebiet, Innovationen, sprechen. Meiner Meinung nach hat sich die Medienlandschaft noch mehr gespalten. Die einen, die gut klar gekommen sind, weil sie die letzten Jahre schon Innovations-Know-How und Kapazit\u00e4ten aufgebaut haben, sowie der NDR oder [&hellip;]"}

Wie ist das letzte Jahr für die Medienbranche ausgefallen, welches Fazit kann gezogen werden? Ich kann natürlich nur für mein Spezialgebiet, Innovationen, sprechen. Meiner Meinung nach hat sich die Medienlandschaft noch mehr gespalten. Die einen, die gut klar gekommen sind, weil sie die letzten Jahre schon Innovations-Know-How und Kapazitäten aufgebaut haben, sowie der NDR oder [&hellip;]
